*z + z + 3. Suppose -29 = -4*w - z*p, 3*p = -2*w + 19 - 6. What is the units digit of w?
1
Let v be ((-156)/(-18) + -9)/((-3)/6057). Let q = v - 99. What is the units digit of q?
4
Let n(x) = 22*x + 80. Let f(z) = 65*z + 219. Let b(c) = 3*f(c) - 8*n(c). Suppose 0 = -3*v + 2*v + 5. What is the units digit of b(v)?
2
Suppose 1 = 2*k - 3. Suppose 5*r - 6 = 3*g, 0 = k*r - 4*r + 5*g - 9. Suppose -270 = -5*u + 5*l, -r*l - 2*l = 4*u - 234. What is the units digit of u?
6
Suppose 485 = 2*j + v, -3*j - 5*v = -10*v - 695. Suppose -5*a + j + 0 = -5*u, 2*u = a - 47. Suppose 5*o - a = 36. What is the tens digit of o?
1
Let b(d) = -d**3 - 55*d**2 + 2*d + 137. Let n be b(-55). What is the hundreds digit of (1/2)/(n/40770)?
7
Suppose -95 - 113 = -4*v - 4*x, -129 = -2*v + 3*x. Let c be ((-128)/(-72))/(-8) - (-1172)/9. Let k = c - v. What is the tens digit of k?
7
Let w = 483 + -253. What is the hundreds digit of w/(-4)*(-8 - 36/(-6))?
1
Let x = 184 - -88. Suppose -8*q + 1040 = -x. What is the hundreds digit of q?
1
What is the hundreds digit of 47616/16 - 6/(-3 + 4)?
9
Let r = -927 - -1858. Suppose -d - 280 + r = 5*l, 2*d = l + 1335. What is the tens digit of d/9*1/8*12?
1
Suppose -15950*b + 678324 = -15938*b. What is the thousands digit of b?
6
Suppose 3*q - 16 = -4*d, 3*q - 30 = -0*q + 3*d. Let u be ((-4)/q + 1)*6. What is the tens digit of ((-2)/u)/(0 - (-4)/(-594))?
9
Suppose 0 = -5*t - 3*t + 24. Suppose 8305 = 8*p + t*p. What is the hundreds digit of p?
7
Let y = 3 + 1. Suppose y*j = 222 + 6. What is the tens digit of j?
5
Let c(f) = f**3 - 26*f**2 - 84*f - 285. What is the hundreds digit of c(36)?
6
Suppose 0 = 4*a - 8714*k + 8713*k - 3449, 5 = -5*k. What is the hundreds digit of a?
8
Let t = -3037 + 3257. Let a(n) = 38*n**2 - 2*n - 2. Let p be a(-2). Let m = t - p. What is the tens digit of m?
6
Let s(f) = 5*f**3 + 15*f**2 + 67*f - 118. What is the thousands digit of s(13)?
4
Suppose -5*j = -2*s + 15785, 36*j - 32*j = 4*s - 31588. What is the hundreds digit of s?
9
Suppose -m + 2 = 2*x - 3*m, -x - 4*m + 6 = 0. Suppose -q = -r + 4 - x, -r + 4*q - 7 = 0. Suppose 2*i - r*i + 189 = 0. What is the tens digit of i?
6
Let g = 13228 - 4174. What is the tens digit of g?
5
Suppose -26*s + 22*s + 2*l = -9844, 4*s - 9850 = l. What is the thousands digit of s?
2
Let w be ((-1072)/12)/((-1)/27). Suppose -4*k - 5*k = -w. Suppose -3*a + 2*o + k = 0, 3*o + 2*o = -10. What is the units digit of a?
8
Let g = -28 + 33. Suppose 75 = g*l - 2*l. What is the units digit of ((-440)/l)/(4/5 + -1)?
8
Let x = 23 + -151. Let h = x + 372. What is the units digit of h?
4
Let b be 2*(-4534)/12*(-78 + 75). Suppose 0 = 8*k - b - 477. What is the hundreds digit of k?
3
Let f(b) be the first derivative of 23*b**3/3 - 9*b**2/2 - 16*b - 58. What is the units digit of f(-3)?
8
Let y = 5488 + -5083. What is the tens digit of y?
0
Let m(u) = 2*u**2 - 5*u - 126. What is the tens digit of m(157)?
8
Let r be 2 + 3 - (7 - 1499). Suppose r = 10*p + 117. What is the tens digit of p?
3
Let j be -6*((-35)/7 + 209). Let c = j + 1769. What is the hundreds digit of c?
5
Suppose 0 = -16*f + f + 127890. What is the hundreds digit of (f/28)/(3/4)?
4
Let f(g) = 13*g**3 + 9*g**2 + 72*g + 1. What is the thousands digit of f(12)?
4
Let g(z) = -17*z + 47. Let h be g(16). Let d = 26 - h. What is the tens digit of d?
5
Let q(z) = z - 13. Let p be q(-12). Let c be 56/6*(16 + (-11187)/(-18)). What is the units digit of (c/(-4))/5*20/p?
8
Suppose 749 = 4*a + 29. Suppose -11*j - a = -8*j. What is the tens digit of ((-4)/10)/(16/j)*36?
5
Suppose 0 = -45*v + 40*v + 10, 2*s - 2*v = 4. Suppose -4*u + 2*x + 374 = 0, 0 = s*u - 6*x + x - 359. What is the tens digit of u?
9
Let p(q) = -q**3 - 13. Let j be p(-4). Suppose -57*b + 594 = -j*b. What is the tens digit of b?
9
Let s(g) = 22*g - 66. Let h be 2/2 - (-30 + 11 + -11). What is the tens digit of s(h)?
1
What is the thousands digit of ((-310)/(-93))/((-15)/18) - -25559?
5
Let k = -94 - -56. Let d be 8/20 - k/5. What is the tens digit of d/12 - -113*(-6)/(-9)?
7
Suppose 0 = 19*b + 2275 - 413. Let i = b + 206. What is the tens digit of i?
0
Let i(q) = q**3 - 16*q**2 + 17*q - 33. Suppose 0 = -4*s - 11 + 75. Let x be i(s). Suppose -3*a - f + 209 = -x, 0 = 2*a + 3*f - 294. What is the tens digit of a?
5
Let i(b) = -b**2 + 37*b - 211. Let o be i(8). Suppose -3623 = -o*d + 1900. What is the hundreds digit of d?
2
What is the ten thousands digit of 30640/(-6)*(-378)/70?
2
Suppose 0 = 5*j + 9 - 24. Let t be 21/(-6)*(j + -1). Let x(m) = -15*m + 4. What is the units digit of x(t)?
9
Suppose 526 = -5*h - b - 10683, 4488 = -2*h + 4*b. Let i = -1333 - h. What is the units digit of (-4)/((-24)/i)*6/9?
1
Suppose 26*y + 421829 - 544835 = 622622. What is the units digit of y?
8
Let m = 292 - 298. What is the units digit of (-12)/126*m*497?
4
Suppose -624*z = -154*z - 1278400. What is the thousands digit of z?
2
Let q(z) be the third derivative of z**6/60 - z**4/8 - 5*z**3/6 - 21*z**2. Let r be q(-4). Let j = r + 228. What is the units digit of j?
7
Let s(u) = 3*u + 4. Suppose 5*w + 21 = -39. Let l be s(w). What is the tens digit of (-236)/6*48/l?
5
Let f(y) = 14 + 11 - 52*y - 3. What is the units digit of f(-7)?
6
Let n = 8785 + -1996. What is the hundreds digit of n?
7
Let t = 100 - 95. Let l be (t - -363)/(-4) - -2. Let c = l - -107. What is the units digit of c?
7
What is the thousands digit of (-30)/3*(5 - (-29781)/(-18)) + -4?
6
Let h(f) = 17*f - 211. Let w be h(11). What is the hundreds digit of ((-2)/16)/(6/w)*1110?
5
Let x(i) = 10*i**2 - 4*i + 1. Let v be x(-3). Let w = 105 - v. Suppose -5*u - 2*n + 1201 = 0, w*u + u + 2*n - 723 = 0. What is the hundreds digit of u?
2
Let p(w) = -2*w**2 + 5*w + 69. Let i be p(19). Let o = 633 - i. Suppose -6*r + o = -615. What is the hundreds digit of r?
3
Let r(y) = -14*y + 158. Let k be r(-16). Suppose -k = 24*o - 22582. What is the tens digit of o?
2
Suppose -3*m + 16474 = 5*q, 4*m + q - 13407 = 8530. What is the hundreds digit of m?
4
Suppose m + 5*k - 6 = 0, 4*m + 0*k = 5*k + 24. Suppose 2*h + 5*g = 29, m*h = 2*h + 4*g + 72. Let s = -10 + h. What is the units digit of s?
7
Let m(y) = -40*y - 396. Let v be m(-10). Suppose -1049 = -v*o - 2*i + 1985, -751 = -o + 2*i. What is the units digit of o?
7
Suppose 494 = -4*a - 9*a. What is the units digit of 4/a + (-164775)/(-247)?
7
Let y = 28502 + -12474. What is the ten thousands digit of y?
1
What is the hundreds digit of (-634161)/(-55) + 68/85?
5
Let s = -27 + 16. Let r(v) = -v**2 - 14*v - 22. Let g be r(s). Let n(d) = -d**3 + 10*d**2 + 14*d - 14. What is the units digit of n(g)?
9
Let t(f) = -3*f**3 + 3*f**2 - 3*f - 12. Let y be t(-7). Let o = y + -716. What is the units digit of o?
9
Suppose -119*m + 7025 = g - 117*m, -5*g + 35100 = 5*m. What is the hundreds digit of g?
0
Suppose 4*v = t + 2*t + 787, -2*v + 391 = -t. Suppose 0 = -2*g + v + 17. What is the units digit of g?
5
Let k = -1100 + 1871. Suppose 11*t = 307 + k. What is the tens digit of t?
9
Suppose 5*b + 3*q - 14224 = 0, 3*b - 28*q = -27*q + 8526. What is the hundreds digit of b?
8
Let g = 998 + -129. Suppose 0 = 5*x - g - 1111. What is the units digit of x?
6
Let g(a) be the second derivative of a**3/3 + 4*a**2 + 22*a. Suppose -2*u + 16 = -s + 5, s + 5 = u. What is the units digit of g(u)?
0
Let g = 169 + -164. Suppose 124 = 5*u - 2*c - c, 130 = g*u - 5*c. What is the units digit of u?
3
Suppose 0 = 23*u - 129 + 37. What is the hundreds digit of ((-6)/u)/((-78)/(-208)) + 990?
9
Suppose 0 = 24*k + 115*k - 2534295 - 10538516. What is the ten thousands digit of k?
9
Let b = -7788 + 10183. What is the units digit of b?
5
Suppose -18 = 3*r, 0 = -2*n + n - 3*r + 1187. What is the units digit of n?
5
Suppose 0 = -5*k + 2*n + 888, 0 = -2*k - 2*k + 4*n + 720. Let u(x) = -8*x**3 + 45*x**2 + 6*x - 9. Let m be u(6). Let i = m + k. What is the units digit of i?
5
Suppose 38*d - 110386 - 124814 = -61654. What is the thousands digit of d?
4
Let t = -47 + 51. Suppose -6*z - 3*q = -t*z + 6, 0 = -z - 3*q - 3. What is the hundreds digit of 0 + 2 - 1284/18*z?
2
Let y(r) = 2 - 4*r**2 - 13*r + 21*r - 11*r. Let x be y(-3). Let u = x - -81. What is the tens digit of u?
5
Suppose 6*v - 36 = 30. Suppose -53 = -v*g - 20. Suppose 2*j = 4*w + 6, 2*j - 4 - 2 = 